[INFO] cloning repository https://github.com/fll-scoring/user_management
[INFO] running `Command { std: "git" "-c" "credential.helper=" "-c" "credential.helper=/workspace/cargo-home/bin/git-credential-null" "clone" "--bare" "https://github.com/fll-scoring/user_management" "/workspace/cache/git-repos/https%3A%2F%2Fgithub.com%2Ffll-scoring%2Fuser_management", kill_on_drop: false }`
[INFO] [stderr] Cloning into bare repository '/workspace/cache/git-repos/https%3A%2F%2Fgithub.com%2Ffll-scoring%2Fuser_management'...
[INFO] running `Command { std: "git" "rev-parse" "HEAD", kill_on_drop: false }`
[INFO] [stdout] ea90f6a553f105311f18e8ced07169fcce28f11e
[INFO] checking fll-scoring/user_management against try#72f88fc4e9458f89516a0b8b0868f3718aec5b47 for pr-74989
[INFO] running `Command { std: "git" "clone" "/workspace/cache/git-repos/https%3A%2F%2Fgithub.com%2Ffll-scoring%2Fuser_management" "/workspace/builds/worker-8/source", kill_on_drop: false }`
[INFO] [stderr] Cloning into '/workspace/builds/worker-8/source'...
[INFO] [stderr] done.
[INFO] validating manifest of git repo https://github.com/fll-scoring/user_management on toolchain 72f88fc4e9458f89516a0b8b0868f3718aec5b47
[INFO] running `Command { std: "/workspace/cargo-home/bin/cargo" "+72f88fc4e9458f89516a0b8b0868f3718aec5b47" "read-manifest" "--manifest-path" "Cargo.toml", kill_on_drop: false }`
[INFO] started tweaking git repo https://github.com/fll-scoring/user_management
[INFO] removed path dependency fll-scoring from git repo https://github.com/fll-scoring/user_management
[INFO] finished tweaking git repo https://github.com/fll-scoring/user_management
[INFO] tweaked toml for git repo https://github.com/fll-scoring/user_management written to /workspace/builds/worker-8/source/Cargo.toml
[INFO] crate git repo https://github.com/fll-scoring/user_management already has a lockfile, it will not be regenerated
[INFO] running `Command { std: "/workspace/cargo-home/bin/cargo" "+72f88fc4e9458f89516a0b8b0868f3718aec5b47" "fetch" "--locked" "--manifest-path" "Cargo.toml", kill_on_drop: false }`
[INFO] [stderr] warning: dependency (fll-scoring) specified without providing a local path, Git repository, or version to use. This will be considered an error in future versions
[INFO] [stderr]     Updating crates.io index
[INFO] [stderr]     Updating git repository `https://github.com/bcmyers/argonautica`
[INFO] [stderr]     Updating git submodule `https://github.com/P-H-C/phc-winner-argon2.git`
[INFO] [stderr] error: the lock file /workspace/builds/worker-8/source/Cargo.lock needs to be updated but --locked was passed to prevent this
[INFO] [stderr] If you want to try to generate the lock file without accessing the network, use the --offline flag.
[INFO] the lockfile is outdated, regenerating it
[INFO] running `Command { std: "/workspace/cargo-home/bin/cargo" "+72f88fc4e9458f89516a0b8b0868f3718aec5b47" "generate-lockfile" "--manifest-path" "Cargo.toml" "-Zno-index-update", kill_on_drop: false }`
[INFO] [stderr]     Blocking waiting for file lock on package cache
[INFO] [stderr]     Updating git repository `https://github.com/bcmyers/argonautica`
[INFO] running `Command { std: "/workspace/cargo-home/bin/cargo" "+72f88fc4e9458f89516a0b8b0868f3718aec5b47" "fetch" "--locked" "--manifest-path" "Cargo.toml", kill_on_drop: false }`
[INFO] [stderr] warning: dependency (fll-scoring) specified without providing a local path, Git repository, or version to use. This will be considered an error in future versions
[INFO] [stderr]     Blocking waiting for file lock on package cache
[INFO] [stderr]  Downloading crates ...
[INFO] [stderr]   Downloaded async-native-tls v0.3.3
[INFO] [stderr]   Downloaded md-5 v0.8.0
[INFO] [stderr]   Downloaded typed-builder v0.3.0
[INFO] [stderr]   Downloaded trust-dns-resolver v0.19.5
[INFO] [stderr]   Downloaded actix-identity v0.2.1
[INFO] [stderr]   Downloaded trust-dns-proto v0.19.5
[INFO] [stderr]   Downloaded actix-codec v0.3.0
[INFO] [stderr]   Downloaded bson v1.1.0
[INFO] [stderr]   Downloaded futures-intrusive v0.3.1
[INFO] [stderr]   Downloaded actix-files v0.2.2
[INFO] [stderr]   Downloaded sqlx-macros v0.3.5
[INFO] [stderr]   Downloaded gloo-timers v0.2.1
[INFO] [stderr]   Downloaded sparkpost v0.5.4
[INFO] [stderr]   Downloaded polling v0.1.9
[INFO] [stderr]   Downloaded sqlformat v0.1.1
[INFO] [stderr]   Downloaded parse-zoneinfo v0.3.0
[INFO] [stderr]   Downloaded mongodb v1.1.1
[INFO] [stderr]   Downloaded async-channel v1.4.2
[INFO] [stderr]   Downloaded bindgen v0.50.1
[INFO] [stderr]   Downloaded configparser v0.7.1
[INFO] [stderr]   Downloaded tera v1.5.0
[INFO] [stderr]   Downloaded quick-error v2.0.0
[INFO] [stderr]   Downloaded handlebars v3.4.0
[INFO] [stderr]   Downloaded async-mutex v1.3.0
[INFO] [stderr]   Downloaded fastrand v1.3.5
[INFO] [stderr]   Downloaded derive_more v0.99.10
[INFO] [stderr]   Downloaded send_wrapper v0.4.0
[INFO] [stderr]   Downloaded actix-server v1.0.4
[INFO] [stderr]   Downloaded os_info v2.0.8
[INFO] [stderr]   Downloaded sqlx-core v0.3.5
[INFO] [stderr]   Downloaded chrono-tz v0.5.3
[INFO] [stderr]   Downloaded fll-scoring v0.1.0
[INFO] [stderr]   Downloaded futures-timer v3.0.2
[INFO] [stderr]   Downloaded sqlx v0.3.5
[INFO] [stderr]   Downloaded serde_with_macros v1.1.0
[INFO] [stderr]   Downloaded serde_with v1.4.0
[INFO] [stderr]   Downloaded actix-utils v2.0.0
[INFO] running `Command { std: "docker" "create" "-v" "/var/lib/crater-agent-workspace/builds/worker-8/target:/opt/rustwide/target:rw,Z" "-v" "/var/lib/crater-agent-workspace/builds/worker-8/source:/opt/rustwide/workdir:ro,Z" "-v" "/var/lib/crater-agent-workspace/cargo-home:/opt/rustwide/cargo-home:ro,Z" "-v" "/var/lib/crater-agent-workspace/rustup-home:/opt/rustwide/rustup-home:ro,Z" "-e" "SOURCE_DIR=/opt/rustwide/workdir" "-e" "CARGO_TARGET_DIR=/opt/rustwide/target" "-e" "CARGO_HOME=/opt/rustwide/cargo-home" "-e" "RUSTUP_HOME=/opt/rustwide/rustup-home" "-w" "/opt/rustwide/workdir" "-m" "1610612736" "--user" "0:0" "--network" "none" "rustops/crates-build-env@sha256:d92eaeed33fa75130ca1ee6c8a01d1ffb62bac859dfdfb3450e3e5d1c0146529" "/opt/rustwide/cargo-home/bin/cargo" "+72f88fc4e9458f89516a0b8b0868f3718aec5b47" "metadata" "--no-deps" "--format-version=1", kill_on_drop: false }`
[INFO] [stderr] WARNING: Your kernel does not support swap limit capabilities or the cgroup is not mounted. Memory limited without swap.
[INFO] [stdout] 1c90fb245b746464c057ccdd30969088fd95f0e6baad4bda0cad0ec1bbc1067f
[INFO] running `Command { std: "docker" "start" "-a" "1c90fb245b746464c057ccdd30969088fd95f0e6baad4bda0cad0ec1bbc1067f", kill_on_drop: false }`
[INFO] running `Command { std: "docker" "inspect" "1c90fb245b746464c057ccdd30969088fd95f0e6baad4bda0cad0ec1bbc1067f", kill_on_drop: false }`
[INFO] running `Command { std: "docker" "rm" "-f" "1c90fb245b746464c057ccdd30969088fd95f0e6baad4bda0cad0ec1bbc1067f", kill_on_drop: false }`
[INFO] [stdout] 1c90fb245b746464c057ccdd30969088fd95f0e6baad4bda0cad0ec1bbc1067f
[INFO] running `Command { std: "docker" "create" "-v" "/var/lib/crater-agent-workspace/builds/worker-8/target:/opt/rustwide/target:rw,Z" "-v" "/var/lib/crater-agent-workspace/builds/worker-8/source:/opt/rustwide/workdir:ro,Z" "-v" "/var/lib/crater-agent-workspace/cargo-home:/opt/rustwide/cargo-home:ro,Z" "-v" "/var/lib/crater-agent-workspace/rustup-home:/opt/rustwide/rustup-home:ro,Z" "-e" "SOURCE_DIR=/opt/rustwide/workdir" "-e" "CARGO_TARGET_DIR=/opt/rustwide/target" "-e" "CARGO_INCREMENTAL=0" "-e" "RUST_BACKTRACE=full" "-e" "RUSTFLAGS=--cap-lints=forbid" "-e" "CARGO_HOME=/opt/rustwide/cargo-home" "-e" "RUSTUP_HOME=/opt/rustwide/rustup-home" "-w" "/opt/rustwide/workdir" "-m" "1610612736" "--user" "0:0" "--network" "none" "rustops/crates-build-env@sha256:d92eaeed33fa75130ca1ee6c8a01d1ffb62bac859dfdfb3450e3e5d1c0146529" "/opt/rustwide/cargo-home/bin/cargo" "+72f88fc4e9458f89516a0b8b0868f3718aec5b47" "check" "--frozen" "--all" "--all-targets" "--message-format=json", kill_on_drop: false }`
[INFO] [stderr] WARNING: Your kernel does not support swap limit capabilities or the cgroup is not mounted. Memory limited without swap.
[INFO] [stdout] ef6fd83485d6deea0ceee507d45639b9525cff162cdbca9af3f690b39c6122f8
[INFO] running `Command { std: "docker" "start" "-a" "ef6fd83485d6deea0ceee507d45639b9525cff162cdbca9af3f690b39c6122f8", kill_on_drop: false }`
[INFO] [stderr] warning: dependency (fll-scoring) specified without providing a local path, Git repository, or version to use. This will be considered an error in future versions
[INFO] [stderr]    Compiling libc v0.2.77
[INFO] [stderr]    Compiling proc-macro2 v1.0.21
[INFO] [stderr]    Compiling unicode-xid v0.2.1
[INFO] [stderr]    Compiling syn v1.0.40
[INFO] [stderr]     Checking cfg-if v0.1.10
[INFO] [stderr]    Compiling autocfg v1.0.1
[INFO] [stderr]    Compiling memchr v2.3.3
[INFO] [stderr]     Checking lazy_static v1.4.0
[INFO] [stderr]     Checking futures-core v0.3.5
[INFO] [stderr]     Checking once_cell v1.4.1
[INFO] [stderr]    Compiling serde_derive v1.0.116
[INFO] [stderr]    Compiling serde v1.0.116
[INFO] [stderr]     Checking slab v0.4.2
[INFO] [stderr]     Checking fnv v1.0.7
[INFO] [stderr]    Compiling bitflags v1.2.1
[INFO] [stderr]     Checking futures-sink v0.3.5
[INFO] [stderr]    Compiling pin-project-internal v0.4.23
[INFO] [stderr]     Checking pin-project-lite v0.1.7
[INFO] [stderr]    Compiling ryu v1.0.5
[INFO] [stderr]     Checking bytes v0.5.6
[INFO] [stderr]    Compiling proc-macro-nested v0.1.6
[INFO] [stderr]    Compiling proc-macro-hack v0.5.18
[INFO] [stderr]    Compiling getrandom v0.1.15
[INFO] [stderr]     Checking pin-utils v0.1.0
[INFO] [stderr]     Checking itoa v0.4.6
[INFO] [stderr]    Compiling byteorder v1.3.4
[INFO] [stderr]     Checking hashbrown v0.9.0
[INFO] [stderr]    Compiling typenum v1.12.0
[INFO] [stderr]     Checking smallvec v1.4.2
[INFO] [stderr]    Compiling wasm-bindgen-shared v0.2.68
[INFO] [stderr]    Compiling version_check v0.9.2
[INFO] [stderr]    Compiling pkg-config v0.3.18
[INFO] [stderr]     Checking tinyvec v0.3.4
[INFO] [stderr]     Checking matches v0.1.8
[INFO] [stderr]    Compiling bumpalo v3.4.0
[INFO] [stderr]     Checking percent-encoding v2.1.0
[INFO] [stderr]     Checking ppv-lite86 v0.2.9
[INFO] [stderr]    Compiling wasm-bindgen v0.2.68
[INFO] [stderr]     Checking spin v0.5.2
[INFO] [stderr]     Checking untrusted v0.7.1
[INFO] [stderr]    Compiling failure_derive v0.1.8
[INFO] [stderr]     Checking adler v0.2.3
[INFO] [stderr]     Checking gimli v0.22.0
[INFO] [stderr]     Checking instant v0.1.6
[INFO] [stderr]    Compiling unicode-segmentation v1.6.0
[INFO] [stderr]     Checking object v0.20.0
[INFO] [stderr]     Checking rustc-demangle v0.1.16
[INFO] [stderr]     Checking regex-syntax v0.6.18
[INFO] [stderr]    Compiling httparse v1.3.4
[INFO] [stderr]    Compiling futures-io v0.3.5
[INFO] [stderr]    Compiling version_check v0.1.5
[INFO] [stderr]     Checking either v1.6.0
[INFO] [stderr]     Checking quick-error v1.2.3
[INFO] [stderr]    Compiling encoding_rs v0.8.24
[INFO] [stderr]    Compiling proc-macro2 v0.4.30
[INFO] [stderr]    Compiling cache-padded v1.1.1
[INFO] [stderr]     Checking dtoa v0.4.6
[INFO] [stderr]    Compiling fastrand v1.3.5
[INFO] [stderr]     Checking base64 v0.12.3
[INFO] [stderr]     Checking mime v0.3.16
[INFO] [stderr]    Compiling unicode-xid v0.1.0
[INFO] [stderr]     Checking byte-tools v0.3.1
[INFO] [stderr]    Compiling crc32fast v1.2.0
[INFO] [stderr]    Compiling maybe-uninit v2.0.0
[INFO] [stderr]    Compiling waker-fn v1.1.0
[INFO] [stderr]    Compiling parking v2.0.0
[INFO] [stderr]     Checking try-lock v0.2.3
[INFO] [stderr]    Compiling event-listener v2.4.0
[INFO] [stderr]    Compiling glob v0.3.0
[INFO] [stderr]    Compiling ucd-trie v0.1.3
[INFO] [stderr]    Compiling vec-arena v0.5.2
[INFO] [stderr]     Checking subtle v1.0.0
[INFO] [stderr]     Checking opaque-debug v0.2.3
[INFO] [stderr]    Compiling rustversion v1.0.3
[INFO] [stderr]    Compiling async-task v3.0.0
[INFO] [stderr]     Checking tower-service v0.3.0
[INFO] [stderr]     Checking language-tags v0.2.2
[INFO] [stderr]     Checking same-file v1.0.6
[INFO] [stderr]    Compiling parking v1.0.6
[INFO] [stderr]     Checking fake-simd v0.1.2
[INFO] [stderr]    Compiling send_wrapper v0.4.0
[INFO] [stderr]    Compiling scoped-tls v1.0.0
[INFO] [stderr]    Compiling atomic-waker v1.0.0
[INFO] [stderr]    Compiling syn v0.15.44
[INFO] [stderr]    Compiling ansi_term v0.11.0
[INFO] [stderr]    Compiling bindgen v0.50.1
[INFO] [stderr]    Compiling peeking_take_while v0.1.2
[INFO] [stderr]    Compiling sha1 v0.6.0
[INFO] [stderr]     Checking ipnet v2.3.0
[INFO] [stderr]    Compiling shlex v0.1.1
[INFO] [stderr]     Checking unic-char-range v0.9.0
[INFO] [stderr]     Checking unic-common v0.9.0
[INFO] [stderr]    Compiling v_htmlescape v0.4.5
[INFO] [stderr]     Checking quick-error v2.0.0
[INFO] [stderr]     Checking deunicode v0.4.3
[INFO] [stderr]     Checking strsim v0.10.0
[INFO] [stderr]     Checking configparser v0.7.1
[INFO] [stderr]     Checking thread_local v1.0.1
[INFO] [stderr]     Checking tracing-core v0.1.16
[INFO] [stderr]     Checking futures-channel v0.3.5
[INFO] [stderr]     Checking futures-task v0.3.5
[INFO] [stderr]     Checking unicode-bidi v0.3.4
[INFO] [stderr]     Checking http v0.2.1
[INFO] [stderr]     Checking bytestring v0.1.5
[INFO] [stderr]    Compiling indexmap v1.6.0
[INFO] [stderr]    Compiling miniz_oxide v0.4.2
[INFO] [stderr]    Compiling crossbeam-utils v0.7.2
[INFO] [stderr]    Compiling num-traits v0.2.12
[INFO] [stderr]    Compiling num-integer v0.1.43
[INFO] [stderr]     Checking unicode-normalization v0.1.13
[INFO] [stderr]    Compiling unicase v2.6.0
[INFO] [stderr]    Compiling proc-macro-error-attr v1.0.4
[INFO] [stderr]    Compiling proc-macro-error v1.0.4
[INFO] [stderr]    Compiling nom v5.1.2
[INFO] [stderr]    Compiling concurrent-queue v1.2.2
[INFO] [stderr]    Compiling heck v0.3.1
[INFO] [stderr]     Checking block-padding v0.1.5
[INFO] [stderr]    Compiling nom v4.2.3
[INFO] [stderr]    Compiling pest v2.1.3
[INFO] [stderr]    Compiling async-mutex v1.3.0
[INFO] [stderr]     Checking walkdir v2.3.1
[INFO] [stderr]     Checking unic-char-property v0.9.0
[INFO] [stderr]     Checking unic-ucd-version v0.9.0
[INFO] [stderr]    Compiling clang-sys v0.28.1
[INFO] [stderr]     Checking log v0.4.11
[INFO] [stderr]     Checking slug v0.1.4
[INFO] [stderr]     Checking multitask v0.2.0
[INFO] [stderr]     Checking async-channel v1.4.2
[INFO] [stderr]     Checking unic-ucd-segment v0.9.0
[INFO] [stderr]     Checking aho-corasick v0.7.13
[INFO] [stderr]     Checking futures-lite v0.1.11
[INFO] [stderr]     Checking bstr v0.2.13
[INFO] [stderr]    Compiling kv-log-macro v1.0.7
[INFO] [stderr]     Checking tracing v0.1.19
[INFO] [stderr]     Checking want v0.3.0
[INFO] [stderr]     Checking os_info v2.0.8
[INFO] [stderr]     Checking fern v0.6.0
[INFO] [stderr]     Checking idna v0.2.0
[INFO] [stderr]     Checking stringprep v0.1.2
[INFO] [stderr]     Checking lexical-core v0.7.4
[INFO] [stderr]     Checking addr2line v0.13.0
[INFO] [stderr]     Checking num_cpus v1.13.0
[INFO] [stderr]     Checking net2 v0.2.35
[INFO] [stderr]     Checking iovec v0.1.4
[INFO] [stderr]     Checking signal-hook-registry v1.2.1
[INFO] [stderr]     Checking socket2 v0.3.15
[INFO] [stderr]     Checking time v0.1.44
[INFO] [stderr]     Checking parking_lot_core v0.8.0
[INFO] [stderr]     Checking hostname v0.3.1
[INFO] [stderr]     Checking polling v0.1.9
[INFO] [stderr]     Checking parking_lot_core v0.7.2
[INFO] [stderr]    Compiling fxhash v0.2.1
[INFO] [stderr]     Checking base64 v0.10.1
[INFO] [stderr]    Compiling jobserver v0.1.21
[INFO] [stderr]    Compiling atty v0.2.14
[INFO] [stderr]    Compiling quote v1.0.7
[INFO] [stderr]    Compiling pest_meta v2.1.3
[INFO] [stderr]    Compiling quote v0.6.13
[INFO] [stderr]     Checking unic-segment v0.9.0
[INFO] [stderr]     Checking generic-array v0.12.3
[INFO] [stderr]     Checking blocking v0.5.2
[INFO] [stderr]     Checking http-body v0.3.1
[INFO] [stderr]     Checking threadpool v1.8.1
[INFO] [stderr]     Checking futures-cpupool v0.1.8
[INFO] [stderr]     Checking mio v0.6.22
[INFO] [stderr]     Checking resolv-conf v0.6.3
[INFO] [stderr]     Checking rand_core v0.5.1
[INFO] [stderr]     Checking regex v1.3.9
[INFO] [stderr]     Checking async-io v0.1.11
[INFO] [stderr]     Checking parking_lot v0.11.0
[INFO] [stderr]     Checking parking_lot v0.10.2
[INFO] [stderr]     Checking url v2.1.1
[INFO] [stderr]    Compiling mime_guess v2.0.3
[INFO] [stderr]    Compiling cc v1.0.59
[INFO] [stderr]    Compiling backtrace v0.3.50
[INFO] [stderr]    Compiling clap v2.33.3
[INFO] [stderr]     Checking flate2 v1.0.17
[INFO] [stderr]    Compiling crossbeam-queue v0.2.3
[INFO] [stderr]     Checking digest v0.8.1
[INFO] [stderr]     Checking block-buffer v0.7.3
[INFO] [stderr]     Checking crypto-mac v0.7.0
[INFO] [stderr]     Checking rand_chacha v0.2.2
[INFO] [stderr]     Checking futures-intrusive v0.3.1
[INFO] [stderr]     Checking async-executor v0.1.2
[INFO] [stderr]    Compiling cexpr v0.3.6
[INFO] [stderr]     Checking mio-uds v0.6.8
[INFO] [stderr]     Checking globset v0.4.5
[INFO] [stderr]     Checking sqlformat v0.1.1
[INFO] [stderr]     Checking md-5 v0.8.0
[INFO] [stderr]     Checking sha2 v0.8.2
[INFO] [stderr]     Checking sha-1 v0.8.2
[INFO] [stderr]     Checking hmac v0.7.1
[INFO] [stderr]     Checking pbkdf2 v0.3.0
[INFO] [stderr]     Checking rand v0.7.3
[INFO] [stderr]    Compiling parse-zoneinfo v0.3.0
[INFO] [stderr]    Compiling env_logger v0.6.2
[INFO] [stderr]    Compiling openssl-sys v0.9.58
[INFO] [stderr]    Compiling ring v0.16.15
[INFO] [stderr]    Compiling brotli-sys v0.3.2
[INFO] [stderr]    Compiling libloading v0.5.2
[INFO] [stderr]     Checking ignore v0.4.16
[INFO] [stderr]    Compiling tempfile v3.1.0
[INFO] [stderr]    Compiling openssl v0.10.30
[INFO] [stderr]    Compiling native-tls v0.2.4
[INFO] [stderr]     Checking globwalk v0.8.0
[INFO] [stderr]    Compiling chrono-tz v0.5.3
[INFO] [stderr]     Checking brotli2 v0.3.2
[INFO] [stderr]    Compiling wasm-bindgen-backend v0.2.68
[INFO] [stderr]    Compiling synstructure v0.12.4
[INFO] [stderr]    Compiling pest_generator v2.1.3
[INFO] [stderr]     Checking webpki v0.21.3
[INFO] [stderr]     Checking sct v0.6.0
[INFO] [stderr]     Checking rustls v0.18.1
[INFO] [stderr]     Checking webpki-roots v0.19.0
[INFO] [stderr]     Checking rustls v0.17.0
[INFO] [stderr]     Checking webpki-roots v0.18.0
[INFO] [stderr]    Compiling wasm-bindgen-macro-support v0.2.68
[INFO] [stderr]    Compiling typed-builder v0.3.0
[INFO] [stderr]    Compiling tokio-macros v0.2.5
[INFO] [stderr]    Compiling futures-macro v0.3.5
[INFO] [stderr]    Compiling derive_more v0.99.10
[INFO] [stderr]    Compiling actix-macros v0.1.2
[INFO] [stderr]    Compiling async-trait v0.1.40
[INFO] [stderr]    Compiling enum-as-inner v0.3.3
[INFO] [stderr]    Compiling thiserror-impl v1.0.20
[INFO] [stderr]    Compiling async-stream-impl v0.2.1
[INFO] [stderr]    Compiling actix-web-codegen v0.2.2
[INFO] [stderr]    Compiling serde_with_macros v1.1.0
[INFO] [stderr]    Compiling v_escape_derive v0.5.6
[INFO] [stderr]    Compiling pest_derive v2.1.0
[INFO] [stderr]    Compiling derivative v2.1.1
[INFO] [stderr]    Compiling wasm-bindgen-macro v0.2.68
[INFO] [stderr]     Checking tokio v0.2.22
[INFO] [stderr]     Checking failure v0.1.8
[INFO] [stderr]    Compiling err-derive v0.2.4
[INFO] [stderr]    Compiling async-stream v0.2.1
[INFO] [stderr]    Compiling which v2.0.1
[INFO] [stderr]     Checking thiserror v1.0.20
[INFO] [stderr]     Checking v_escape v0.7.4
[INFO] [stderr]     Checking pin-project v0.4.23
[INFO] [stderr]     Checking futures-util v0.3.5
[INFO] [stderr]     Checking actix-threadpool v0.3.3
[INFO] [stderr]     Checking tokio-util v0.3.1
[INFO] [stderr]     Checking tokio-util v0.2.0
[INFO] [stderr]     Checking tokio-tls v0.3.1
[INFO] [stderr]     Checking tokio-rustls v0.14.1
[INFO] [stderr]     Checking tokio-rustls v0.13.1
[INFO] [stderr]     Checking actix-codec v0.3.0
[INFO] [stderr]     Checking actix-codec v0.2.0
[INFO] [stderr]     Checking futures-executor v0.3.5
[INFO] [stderr]     Checking actix-service v1.0.6
[INFO] [stderr]     Checking actix-rt v1.1.1
[INFO] [stderr]     Checking h2 v0.2.6
[INFO] [stderr]     Checking futures v0.3.5
[INFO] [stderr]     Checking trust-dns-proto v0.18.0-alpha.2
[INFO] [stderr]     Checking trust-dns-proto v0.19.5
[INFO] [stderr]     Checking actix-utils v1.0.6
[INFO] [stderr]     Checking actix-utils v2.0.0
[INFO] [stderr]     Checking actix-server v1.0.4
[INFO] [stderr]     Checking actix-tls v1.0.0
[INFO] [stderr]     Checking serde_json v1.0.57
[INFO] [stderr]     Checking chrono v0.4.15
[INFO] [stderr]     Checking serde_urlencoded v0.6.1
[INFO] [stderr]     Checking actix-router v0.2.4
[INFO] [stderr]     Checking uuid v0.8.1
[INFO] [stderr]     Checking serde_with v1.4.0
[INFO] [stderr]     Checking serde_bytes v0.11.5
[INFO] [stderr]    Compiling argonautica v0.2.1 (https://github.com/bcmyers/argonautica?rev=67fc8d8d7d67696cd8ca7a59b92531f06b089212#67fc8d8d)
[INFO] [stderr]     Checking actix-testing v1.0.1
[INFO] [stderr]     Checking trust-dns-resolver v0.19.5
[INFO] [stderr]     Checking trust-dns-resolver v0.18.0-alpha.2
[INFO] [stderr]     Checking bson v1.1.0
[INFO] [stderr]     Checking handlebars v3.4.0
[INFO] [stderr]     Checking actix-connect v1.0.2
[INFO] [stderr]     Checking js-sys v0.3.45
[INFO] [stderr]     Checking hyper v0.13.7
[INFO] [stderr]     Checking actix-http v1.0.1
[INFO] [stderr]    Compiling web-sys v0.3.45
[INFO] [stderr]     Checking awc v1.0.1
[INFO] [stderr]     Checking tera v1.5.0
[INFO] [stderr]     Checking actix-web v2.0.0
[INFO] [stderr]     Checking hyper-rustls v0.21.0
[INFO] [stderr]     Checking hyper-tls v0.4.3
[INFO] [stderr]     Checking reqwest v0.10.8
[INFO] [stderr]     Checking mongodb v1.1.1
[INFO] [stderr]     Checking sparkpost v0.5.4
[INFO] [stderr]     Checking actix-identity v0.2.1
[INFO] [stderr]     Checking actix-files v0.2.2
[INFO] [stderr]    Compiling gloo-timers v0.2.1
[INFO] [stderr]    Compiling futures-timer v3.0.2
[INFO] [stderr]     Checking async-std v1.6.3
[INFO] [stderr]     Checking fll-scoring v0.1.0
[INFO] [stderr]     Checking async-native-tls v0.3.3
[INFO] [stderr]     Checking sqlx-core v0.3.5
[INFO] [stderr]    Compiling sqlx-macros v0.3.5
[INFO] [stderr]     Checking sqlx v0.3.5
[INFO] [stderr]     Checking user_management v0.1.0 (/opt/rustwide/workdir)
[INFO] [stdout] error: DATABASE_URL not set
[INFO] [stdout]   --> src/routes/registration.rs:30:5
[INFO] [stdout]    |
[INFO] [stdout] 30 | /     sqlx::query!(
[INFO] [stdout] 31 | |         "INSERT INTO users(userid,email,pw_hash) VALUES ($1, $2, $3)",
[INFO] [stdout] 32 | |         uuid::Uuid::new_v4(),
[INFO] [stdout] 33 | |         form.email,
[INFO] [stdout] 34 | |         user.pw_hash
[INFO] [stdout] 35 | |     )
[INFO] [stdout]    | |_____^
[INFO] [stdout]    |
[INFO] [stdout]    = note: this error originates in a macro (in Nightly builds, run with -Z macro-backtrace for more info)
[INFO] [stdout] 
[INFO] [stdout] 
[INFO] [stdout] error: DATABASE_URL not set
[INFO] [stdout]   --> src/routes/login.rs:19:22
[INFO] [stdout]    |
[INFO] [stdout] 19 |   let result = match sqlx::query_as!(User, "SELECT * FROM users WHERE email = $1", form.email).fetch_one(pool.get_ref()).await {
[INFO] [stdout]    |                      ^^^^^^^^^^^^^^^^^^^^^^^^^^^^^^^^^^^^^^^^^^^^^^^^^^^^^^^^^^^^^^^^^^^^^^^^^
[INFO] [stdout]    |
[INFO] [stdout]    = note: this error originates in a macro (in Nightly builds, run with -Z macro-backtrace for more info)
[INFO] [stdout] 
[INFO] [stdout] 
[INFO] [stdout] error[E0432]: unresolved import `fll_scoring::utils`
[INFO] [stdout]  --> src/main.rs:7:19
[INFO] [stdout]   |
[INFO] [stdout] 7 | use fll_scoring::{utils::setup_base_template_context, config::{get_global_value, get_service_config_value}};
[INFO] [stdout]   |                   ^^^^^ could not find `utils` in `fll_scoring`
[INFO] [stdout] 
[INFO] [stdout] 
[INFO] [stdout] error[E0432]: unresolved import `fll_scoring::prelude`
[INFO] [stdout]   --> src/routes/registration.rs:13:18
[INFO] [stdout]    |
[INFO] [stdout] 13 | use fll_scoring::prelude::*;
[INFO] [stdout]    |                  ^^^^^^^ could not find `prelude` in `fll_scoring`
[INFO] [stdout] 
[INFO] [stdout] 
[INFO] [stdout] error[E0425]: cannot find function `get_db_pool` in module `fll_scoring::data`
[INFO] [stdout]   --> src/main.rs:54:35
[INFO] [stdout]    |
[INFO] [stdout] 54 |     let pool = fll_scoring::data::get_db_pool().await.unwrap();
[INFO] [stdout]    |                                   ^^^^^^^^^^^ not found in `fll_scoring::data`
[INFO] [stdout] 
[INFO] [stdout] 
[INFO] [stdout] warning: unused `#[macro_use]` import
[INFO] [stdout]  --> src/main.rs:1:1
[INFO] [stdout]   |
[INFO] [stdout] 1 | #[macro_use]
[INFO] [stdout]   | ^^^^^^^^^^^^
[INFO] [stdout]   |
[INFO] [stdout]   = note: `#[warn(unused_imports)]` on by default
[INFO] [stdout] 
[INFO] [stdout] 
[INFO] [stdout] warning: unused import: `Identity`
[INFO] [stdout]  --> src/main.rs:4:44
[INFO] [stdout]   |
[INFO] [stdout] 4 | use actix_identity::{CookieIdentityPolicy, Identity, IdentityService};
[INFO] [stdout]   |                                            ^^^^^^^^
[INFO] [stdout] 
[INFO] [stdout] 
[INFO] [stdout] warning: unused import: `log::info`
[INFO] [stdout]   --> src/main.rs:10:5
[INFO] [stdout]    |
[INFO] [stdout] 10 | use log::info;
[INFO] [stdout]    |     ^^^^^^^^^
[INFO] [stdout] 
[INFO] [stdout] 
[INFO] [stdout] warning: unused imports: `DateTime`, `Utc`
[INFO] [stdout]  --> src/models.rs:1:14
[INFO] [stdout]   |
[INFO] [stdout] 1 | use chrono::{DateTime, Utc};
[INFO] [stdout]   |              ^^^^^^^^  ^^^
[INFO] [stdout] 
[INFO] [stdout] 
[INFO] [stdout] warning: unused import: `fll_scoring::errors::ServiceError`
[INFO] [stdout]  --> src/models.rs:2:5
[INFO] [stdout]   |
[INFO] [stdout] 2 | use fll_scoring::errors::ServiceError;
[INFO] [stdout]   |     ^^^^^^^^^^^^^^^^^^^^^^^^^^^^^^^^^
[INFO] [stdout] 
[INFO] [stdout] 
[INFO] [stdout] warning: unused imports: `Invitation`, `SlimUser`
[INFO] [stdout]  --> src/routes/registration.rs:2:14
[INFO] [stdout]   |
[INFO] [stdout] 2 |     models::{Invitation, SlimUser, User},
[INFO] [stdout]   |              ^^^^^^^^^^  ^^^^^^^^
[INFO] [stdout] 
[INFO] [stdout] 
[INFO] [stdout] warning: unused import: `error::BlockingError`
[INFO] [stdout]  --> src/routes/registration.rs:5:17
[INFO] [stdout]   |
[INFO] [stdout] 5 | use actix_web::{error::BlockingError, get, post, web, HttpResponse};
[INFO] [stdout]   |                 ^^^^^^^^^^^^^^^^^^^^
[INFO] [stdout] 
[INFO] [stdout] 
[INFO] [stdout] warning: unused import: `handlebars::Handlebars`
[INFO] [stdout]   --> src/routes/registration.rs:10:5
[INFO] [stdout]    |
[INFO] [stdout] 10 | use handlebars::Handlebars;
[INFO] [stdout]    |     ^^^^^^^^^^^^^^^^^^^^^^
[INFO] [stdout] 
[INFO] [stdout] 
[INFO] [stdout] warning: unused imports: `Invitation`, `SlimUser`, `User`
[INFO] [stdout]  --> src/routes/login.rs:2:22
[INFO] [stdout]   |
[INFO] [stdout] 2 | use crate::{models::{Invitation, SlimUser, User}, utils::verify};
[INFO] [stdout]   |                      ^^^^^^^^^^  ^^^^^^^^  ^^^^
[INFO] [stdout] 
[INFO] [stdout] 
[INFO] [stdout] warning: unused import: `input::Salt`
[INFO] [stdout]  --> src/utils.rs:1:19
[INFO] [stdout]   |
[INFO] [stdout] 1 | use argonautica::{input::Salt, Hasher, Verifier};
[INFO] [stdout]   |                   ^^^^^^^^^^^
[INFO] [stdout] 
[INFO] [stdout] 
[INFO] [stdout] error: DATABASE_URL not set
[INFO] [stdout]   --> src/routes/registration.rs:30:5
[INFO] [stdout]    |
[INFO] [stdout] 30 | /     sqlx::query!(
[INFO] [stdout] 31 | |         "INSERT INTO users(userid,email,pw_hash) VALUES ($1, $2, $3)",
[INFO] [stdout] 32 | |         uuid::Uuid::new_v4(),
[INFO] [stdout] 33 | |         form.email,
[INFO] [stdout] 34 | |         user.pw_hash
[INFO] [stdout] 35 | |     )
[INFO] [stdout]    | |_____^
[INFO] [stdout]    |
[INFO] [stdout]    = note: this error originates in a macro (in Nightly builds, run with -Z macro-backtrace for more info)
[INFO] [stdout] 
[INFO] [stdout] 
[INFO] [stdout] error: DATABASE_URL not set
[INFO] [stdout]   --> src/routes/login.rs:19:22
[INFO] [stdout]    |
[INFO] [stdout] 19 |   let result = match sqlx::query_as!(User, "SELECT * FROM users WHERE email = $1", form.email).fetch_one(pool.get_ref()).await {
[INFO] [stdout]    |                      ^^^^^^^^^^^^^^^^^^^^^^^^^^^^^^^^^^^^^^^^^^^^^^^^^^^^^^^^^^^^^^^^^^^^^^^^^
[INFO] [stdout]    |
[INFO] [stdout]    = note: this error originates in a macro (in Nightly builds, run with -Z macro-backtrace for more info)
[INFO] [stdout] 
[INFO] [stdout] 
[INFO] [stdout] error[E0432]: unresolved import `fll_scoring::utils`
[INFO] [stdout]  --> src/main.rs:7:19
[INFO] [stdout]   |
[INFO] [stdout] 7 | use fll_scoring::{utils::setup_base_template_context, config::{get_global_value, get_service_config_value}};
[INFO] [stdout]   |                   ^^^^^ could not find `utils` in `fll_scoring`
[INFO] [stdout] 
[INFO] [stdout] 
[INFO] [stdout] error[E0432]: unresolved import `fll_scoring::prelude`
[INFO] [stdout]   --> src/routes/registration.rs:13:18
[INFO] [stdout]    |
[INFO] [stdout] 13 | use fll_scoring::prelude::*;
[INFO] [stdout]    |                  ^^^^^^^ could not find `prelude` in `fll_scoring`
[INFO] [stdout] 
[INFO] [stdout] 
[INFO] [stdout] error[E0425]: cannot find function `get_db_pool` in module `fll_scoring::data`
[INFO] [stdout]   --> src/main.rs:54:35
[INFO] [stdout]    |
[INFO] [stdout] 54 |     let pool = fll_scoring::data::get_db_pool().await.unwrap();
[INFO] [stdout]    |                                   ^^^^^^^^^^^ not found in `fll_scoring::data`
[INFO] [stdout] 
[INFO] [stdout] 
[INFO] [stdout] warning: unused `#[macro_use]` import
[INFO] [stdout]  --> src/main.rs:1:1
[INFO] [stdout]   |
[INFO] [stdout] 1 | #[macro_use]
[INFO] [stdout]   | ^^^^^^^^^^^^
[INFO] [stdout]   |
[INFO] [stdout]   = note: `#[warn(unused_imports)]` on by default
[INFO] [stdout] 
[INFO] [stdout] 
[INFO] [stdout] warning: unused import: `Identity`
[INFO] [stdout]  --> src/main.rs:4:44
[INFO] [stdout]   |
[INFO] [stdout] 4 | use actix_identity::{CookieIdentityPolicy, Identity, IdentityService};
[INFO] [stdout]   |                                            ^^^^^^^^
[INFO] [stdout] 
[INFO] [stdout] 
[INFO] [stdout] warning: unused import: `log::info`
[INFO] [stdout]   --> src/main.rs:10:5
[INFO] [stdout]    |
[INFO] [stdout] 10 | use log::info;
[INFO] [stdout]    |     ^^^^^^^^^
[INFO] [stdout] 
[INFO] [stdout] 
[INFO] [stdout] warning: unused imports: `DateTime`, `Utc`
[INFO] [stdout]  --> src/models.rs:1:14
[INFO] [stdout]   |
[INFO] [stdout] 1 | use chrono::{DateTime, Utc};
[INFO] [stdout]   |              ^^^^^^^^  ^^^
[INFO] [stdout] 
[INFO] [stdout] 
[INFO] [stdout] warning: unused import: `fll_scoring::errors::ServiceError`
[INFO] [stdout]  --> src/models.rs:2:5
[INFO] [stdout]   |
[INFO] [stdout] 2 | use fll_scoring::errors::ServiceError;
[INFO] [stdout]   |     ^^^^^^^^^^^^^^^^^^^^^^^^^^^^^^^^^
[INFO] [stdout] 
[INFO] [stdout] 
[INFO] [stdout] warning: unused imports: `Invitation`, `SlimUser`
[INFO] [stdout]  --> src/routes/registration.rs:2:14
[INFO] [stdout]   |
[INFO] [stdout] 2 |     models::{Invitation, SlimUser, User},
[INFO] [stdout]   |              ^^^^^^^^^^  ^^^^^^^^
[INFO] [stdout] 
[INFO] [stdout] 
[INFO] [stdout] warning: unused import: `error::BlockingError`
[INFO] [stdout]  --> src/routes/registration.rs:5:17
[INFO] [stdout]   |
[INFO] [stdout] 5 | use actix_web::{error::BlockingError, get, post, web, HttpResponse};
[INFO] [stdout]   |                 ^^^^^^^^^^^^^^^^^^^^
[INFO] [stdout] 
[INFO] [stdout] 
[INFO] [stdout] warning: unused import: `handlebars::Handlebars`
[INFO] [stdout]   --> src/routes/registration.rs:10:5
[INFO] [stdout]    |
[INFO] [stdout] 10 | use handlebars::Handlebars;
[INFO] [stdout]    |     ^^^^^^^^^^^^^^^^^^^^^^
[INFO] [stdout] 
[INFO] [stdout] 
[INFO] [stdout] warning: unused imports: `Invitation`, `SlimUser`, `User`
[INFO] [stdout]  --> src/routes/login.rs:2:22
[INFO] [stdout]   |
[INFO] [stdout] 2 | use crate::{models::{Invitation, SlimUser, User}, utils::verify};
[INFO] [stdout]   |                      ^^^^^^^^^^  ^^^^^^^^  ^^^^
[INFO] [stdout] 
[INFO] [stdout] 
[INFO] [stdout] warning: unused import: `input::Salt`
[INFO] [stdout]  --> src/utils.rs:1:19
[INFO] [stdout]   |
[INFO] [stdout] 1 | use argonautica::{input::Salt, Hasher, Verifier};
[INFO] [stdout]   |                   ^^^^^^^^^^^
[INFO] [stdout] 
[INFO] [stdout] 
[INFO] [stdout] error[E0618]: expected function, found enum variant `ServiceError::InternalServerError`
[INFO] [stdout]   --> src/routes/registration.rs:46:63
[INFO] [stdout]    |
[INFO] [stdout] 46 | ...p_err(|e| ServiceError::InternalServerError(format!("Template error {:?}", e.to_string())))?;
[INFO] [stdout]    |              ^^^^^^^^^^^^^^^^^^^^^^^^^^^^^^^^^-----------------------------------------------
[INFO] [stdout]    |              |
[INFO] [stdout]    |              call expression requires function
[INFO] [stdout]    |
[INFO] [stdout] help: `ServiceError::InternalServerError` is a unit variant, you need to write it without the parenthesis
[INFO] [stdout]    |
[INFO] [stdout] 46 |     let body = tera.render("register.html", &ctx).map_err(|e| ServiceError::InternalServerError)?;
[INFO] [stdout]    |                                                               ^^^^^^^^^^^^^^^^^^^^^^^^^^^^^^^^^
[INFO] [stdout] 
[INFO] [stdout] 
[INFO] [stdout] error[E0618]: expected function, found enum variant `ServiceError::InternalServerError`
[INFO] [stdout]   --> src/routes/login.rs:23:18
[INFO] [stdout]    |
[INFO] [stdout] 23 |       return Err(ServiceError::InternalServerError("Unable to query user database".to_string()));
[INFO] [stdout]    |                  ^^^^^^^^^^^^^^^^^^^^^^^^^^^^^^^^^---------------------------------------------
[INFO] [stdout]    |                  |
[INFO] [stdout]    |                  call expression requires function
[INFO] [stdout]    |
[INFO] [stdout] help: `ServiceError::InternalServerError` is a unit variant, you need to write it without the parenthesis
[INFO] [stdout]    |
[INFO] [stdout] 23 |       return Err(ServiceError::InternalServerError);
[INFO] [stdout]    |                  ^^^^^^^^^^^^^^^^^^^^^^^^^^^^^^^^^
[INFO] [stdout] 
[INFO] [stdout] 
[INFO] [stdout] error[E0618]: expected function, found enum variant `ServiceError::InternalServerError`
[INFO] [stdout]   --> src/routes/login.rs:42:75
[INFO] [stdout]    |
[INFO] [stdout] 42 | ...p_err(|e| ServiceError::InternalServerError(format!("Template error {:?}", e.to_string())))?;
[INFO] [stdout]    |              ^^^^^^^^^^^^^^^^^^^^^^^^^^^^^^^^^-----------------------------------------------
[INFO] [stdout]    |              |
[INFO] [stdout]    |              call expression requires function
[INFO] [stdout]    |
[INFO] [stdout] help: `ServiceError::InternalServerError` is a unit variant, you need to write it without the parenthesis
[INFO] [stdout]    |
[INFO] [stdout] 42 |   let body = tera.render("login.html", &tera::Context::new()).map_err(|e| ServiceError::InternalServerError)?;
[INFO] [stdout]    |                                                                           ^^^^^^^^^^^^^^^^^^^^^^^^^^^^^^^^^
[INFO] [stdout] 
[INFO] [stdout] 
[INFO] [stdout] error[E0618]: expected function, found enum variant `ServiceError::InternalServerError`
[INFO] [stdout]   --> src/routes/registration.rs:46:63
[INFO] [stdout]    |
[INFO] [stdout] 46 | ...p_err(|e| ServiceError::InternalServerError(format!("Template error {:?}", e.to_string())))?;
[INFO] [stdout]    |              ^^^^^^^^^^^^^^^^^^^^^^^^^^^^^^^^^-----------------------------------------------
[INFO] [stdout]    |              |
[INFO] [stdout]    |              call expression requires function
[INFO] [stdout]    |
[INFO] [stdout] help: `ServiceError::InternalServerError` is a unit variant, you need to write it without the parenthesis
[INFO] [stdout]    |
[INFO] [stdout] 46 |     let body = tera.render("register.html", &ctx).map_err(|e| ServiceError::InternalServerError)?;
[INFO] [stdout]    |                                                               ^^^^^^^^^^^^^^^^^^^^^^^^^^^^^^^^^
[INFO] [stdout] 
[INFO] [stdout] 
[INFO] [stdout] error[E0618]: expected function, found enum variant `ServiceError::InternalServerError`
[INFO] [stdout]   --> src/routes/login.rs:23:18
[INFO] [stdout]    |
[INFO] [stdout] 23 |       return Err(ServiceError::InternalServerError("Unable to query user database".to_string()));
[INFO] [stdout]    |                  ^^^^^^^^^^^^^^^^^^^^^^^^^^^^^^^^^---------------------------------------------
[INFO] [stdout]    |                  |
[INFO] [stdout]    |                  call expression requires function
[INFO] [stdout]    |
[INFO] [stdout] help: `ServiceError::InternalServerError` is a unit variant, you need to write it without the parenthesis
[INFO] [stdout]    |
[INFO] [stdout] 23 |       return Err(ServiceError::InternalServerError);
[INFO] [stdout]    |                  ^^^^^^^^^^^^^^^^^^^^^^^^^^^^^^^^^
[INFO] [stdout] 
[INFO] [stdout] 
[INFO] [stdout] error[E0618]: expected function, found enum variant `ServiceError::InternalServerError`
[INFO] [stdout]   --> src/routes/login.rs:42:75
[INFO] [stdout]    |
[INFO] [stdout] 42 | ...p_err(|e| ServiceError::InternalServerError(format!("Template error {:?}", e.to_string())))?;
[INFO] [stdout]    |              ^^^^^^^^^^^^^^^^^^^^^^^^^^^^^^^^^-----------------------------------------------
[INFO] [stdout]    |              |
[INFO] [stdout]    |              call expression requires function
[INFO] [stdout]    |
[INFO] [stdout] help: `ServiceError::InternalServerError` is a unit variant, you need to write it without the parenthesis
[INFO] [stdout]    |
[INFO] [stdout] 42 |   let body = tera.render("login.html", &tera::Context::new()).map_err(|e| ServiceError::InternalServerError)?;
[INFO] [stdout]    |                                                                           ^^^^^^^^^^^^^^^^^^^^^^^^^^^^^^^^^
[INFO] [stdout] 
[INFO] [stdout] 
[INFO] [stdout] error[E0599]: no method named `clone` found for struct `actix_web::web::Data<_>` in the current scope
[INFO] [stdout]   --> src/main.rs:75:32
[INFO] [stdout]    |
[INFO] [stdout] 75 |             .app_data(pool_ref.clone())
[INFO] [stdout]    |                                ^^^^^ method not found in `actix_web::web::Data<_>`
[INFO] [stdout]    |
[INFO] [stdout]    = note: `pool_ref` is a function, perhaps you wish to call it
[INFO] [stdout] 
[INFO] [stdout] 
[INFO] [stdout] error[E0599]: no method named `clone` found for struct `actix_web::web::Data<_>` in the current scope
[INFO] [stdout]   --> src/main.rs:76:40
[INFO] [stdout]    |
[INFO] [stdout] 76 |             .app_data(base_context_ref.clone())
[INFO] [stdout]    |                                        ^^^^^ method not found in `actix_web::web::Data<_>`
[INFO] [stdout]    |
[INFO] [stdout]    = note: `base_context_ref` is a function, perhaps you wish to call it
[INFO] [stdout] 
[INFO] [stdout] 
[INFO] [stdout] error[E0599]: no method named `clone` found for struct `actix_web::web::Data<_>` in the current scope
[INFO] [stdout]   --> src/main.rs:75:32
[INFO] [stdout]    |
[INFO] [stdout] 75 |             .app_data(pool_ref.clone())
[INFO] [stdout]    |                                ^^^^^ method not found in `actix_web::web::Data<_>`
[INFO] [stdout]    |
[INFO] [stdout]    = note: `pool_ref` is a function, perhaps you wish to call it
[INFO] [stdout] 
[INFO] [stdout] 
[INFO] [stdout] error[E0599]: no method named `clone` found for struct `actix_web::web::Data<_>` in the current scope
[INFO] [stdout]   --> src/main.rs:76:40
[INFO] [stdout]    |
[INFO] [stdout] 76 |             .app_data(base_context_ref.clone())
[INFO] [stdout]    |                                        ^^^^^ method not found in `actix_web::web::Data<_>`
[INFO] [stdout]    |
[INFO] [stdout]    = note: `base_context_ref` is a function, perhaps you wish to call it
[INFO] [stdout] 
[INFO] [stdout] 
[INFO] [stdout] error[E0618]: expected function, found enum variant `ServiceError::InternalServerError`
[INFO] [stdout]   --> src/utils.rs:14:25
[INFO] [stdout]    |
[INFO] [stdout] 14 |         Err(err) => Err(ServiceError::InternalServerError(format!("Password hash error {:?}", err.to_string()))),
[INFO] [stdout]    |                         ^^^^^^^^^^^^^^^^^^^^^^^^^^^^^^^^^------------------------------------------------------
[INFO] [stdout]    |                         |
[INFO] [stdout]    |                         call expression requires function
[INFO] [stdout]    |
[INFO] [stdout] help: `ServiceError::InternalServerError` is a unit variant, you need to write it without the parenthesis
[INFO] [stdout]    |
[INFO] [stdout] 14 |         Err(err) => Err(ServiceError::InternalServerError),
[INFO] [stdout]    |                         ^^^^^^^^^^^^^^^^^^^^^^^^^^^^^^^^^
[INFO] [stdout] 
[INFO] [stdout] 
[INFO] [stdout] error[E0618]: expected function, found enum variant `ServiceError::InternalServerError`
[INFO] [stdout]   --> src/utils.rs:29:23
[INFO] [stdout]    |
[INFO] [stdout] 29 |         Err(e) => Err(ServiceError::InternalServerError(format!("Password verify error {:?}", e.to_string()))),
[INFO] [stdout]    |                       ^^^^^^^^^^^^^^^^^^^^^^^^^^^^^^^^^------------------------------------------------------
[INFO] [stdout]    |                       |
[INFO] [stdout]    |                       call expression requires function
[INFO] [stdout]    |
[INFO] [stdout] help: `ServiceError::InternalServerError` is a unit variant, you need to write it without the parenthesis
[INFO] [stdout]    |
[INFO] [stdout] 29 |         Err(e) => Err(ServiceError::InternalServerError),
[INFO] [stdout]    |                       ^^^^^^^^^^^^^^^^^^^^^^^^^^^^^^^^^
[INFO] [stdout] 
[INFO] [stdout] 
[INFO] [stdout] error: aborting due to 12 previous errors; 10 warnings emitted
[INFO] [stdout] 
[INFO] [stdout] 
[INFO] [stdout] Some errors have detailed explanations: E0425, E0432, E0599, E0618.
[INFO] [stdout] 
[INFO] [stdout] For more information about an error, try `rustc --explain E0425`.
[INFO] [stdout] 
[INFO] [stderr] error: could not compile `user_management`.
[INFO] [stderr] 
[INFO] [stderr] To learn more, run the command again with --verbose.
[INFO] [stderr] warning: build failed, waiting for other jobs to finish...
[INFO] [stdout] error[E0618]: expected function, found enum variant `ServiceError::InternalServerError`
[INFO] [stdout]   --> src/utils.rs:14:25
[INFO] [stdout]    |
[INFO] [stdout] 14 |         Err(err) => Err(ServiceError::InternalServerError(format!("Password hash error {:?}", err.to_string()))),
[INFO] [stdout]    |                         ^^^^^^^^^^^^^^^^^^^^^^^^^^^^^^^^^------------------------------------------------------
[INFO] [stdout]    |                         |
[INFO] [stdout]    |                         call expression requires function
[INFO] [stdout]    |
[INFO] [stdout] help: `ServiceError::InternalServerError` is a unit variant, you need to write it without the parenthesis
[INFO] [stdout]    |
[INFO] [stdout] 14 |         Err(err) => Err(ServiceError::InternalServerError),
[INFO] [stdout]    |                         ^^^^^^^^^^^^^^^^^^^^^^^^^^^^^^^^^
[INFO] [stdout] 
[INFO] [stdout] 
[INFO] [stdout] error[E0618]: expected function, found enum variant `ServiceError::InternalServerError`
[INFO] [stdout]   --> src/utils.rs:29:23
[INFO] [stdout]    |
[INFO] [stdout] 29 |         Err(e) => Err(ServiceError::InternalServerError(format!("Password verify error {:?}", e.to_string()))),
[INFO] [stdout]    |                       ^^^^^^^^^^^^^^^^^^^^^^^^^^^^^^^^^------------------------------------------------------
[INFO] [stdout]    |                       |
[INFO] [stdout]    |                       call expression requires function
[INFO] [stdout]    |
[INFO] [stdout] help: `ServiceError::InternalServerError` is a unit variant, you need to write it without the parenthesis
[INFO] [stdout]    |
[INFO] [stdout] 29 |         Err(e) => Err(ServiceError::InternalServerError),
[INFO] [stdout]    |                       ^^^^^^^^^^^^^^^^^^^^^^^^^^^^^^^^^
[INFO] [stdout] 
[INFO] [stdout] 
[INFO] [stdout] error: aborting due to 12 previous errors; 10 warnings emitted
[INFO] [stdout] 
[INFO] [stdout] 
[INFO] [stdout] Some errors have detailed explanations: E0425, E0432, E0599, E0618.
[INFO] [stdout] 
[INFO] [stdout] For more information about an error, try `rustc --explain E0425`.
[INFO] [stdout] 
[INFO] [stderr] error: build failed
[INFO] running `Command { std: "docker" "inspect" "ef6fd83485d6deea0ceee507d45639b9525cff162cdbca9af3f690b39c6122f8", kill_on_drop: false }`
[INFO] running `Command { std: "docker" "rm" "-f" "ef6fd83485d6deea0ceee507d45639b9525cff162cdbca9af3f690b39c6122f8", kill_on_drop: false }`
[INFO] [stdout] ef6fd83485d6deea0ceee507d45639b9525cff162cdbca9af3f690b39c6122f8
